of 48594150?
True
Does 17 divide 554391466?
False
Is 2950552 a multiple of 4568?
False
Is 10 a factor of 51064720?
True
Is 367 a factor of 321261524?
True
Is 4227 a factor of 70848747?
True
Is 80914813 a multiple of 958?
False
Does 62 divide 16696352?
True
Does 818 divide 20851638?
True
Is 164 a factor of 91577848?
False
Is 184242111 a multiple of 76?
False
Is 17 a factor of 115024214?
False
Is 465745218 a multiple of 1086?
True
Does 171 divide 19015279?
False
Is 17 a factor of 27175503?
True
Does 39 divide 22569495?
True
Does 609 divide 2625715071?
True
Is 220263396 a multiple of 12?
True
Does 21 divide 33142200?
True
Is 146 a factor of 452016?
True
Does 2332 divide 65335644?
True
Does 13 divide 11243634?
False
Is 1317193073 a multiple of 91?
False
Is 1705843648 a multiple of 136?
True
Is 198147334 a multiple of 45?
False
Is 3731054 a multiple of 15?
False
Is 28880842 a multiple of 89?
False
Is 43 a factor of 3219465341?
True
Is 199 a factor of 628531645?
False
Does 23 divide 28699361?
False
Does 168 divide 415975392?
True
Is 119087064 a multiple of 40?
False
Is 1377277171 a multiple of 925?
False
Is 159138748 a multiple of 8?
False
Is 10898800 a multiple of 8?
True
Is 34 a factor of 113600936?
True
Does 22 divide 29653932?
True
Is 2109 a factor of 1497434289?
True
Is 675 a factor of 60965886?
False
Is 234 a factor of 325080522?
True
Is 291 a factor of 911891859?
True
Does 50 divide 564409564?
False
Is 19 a factor of 240753372?
False
Is 18295491 a multiple of 1861?
True
Is 134052830 a multiple of 97?
False
Is 192544231 a multiple of 11?
True
Is 194 a factor of 18253848?
True
Is 36102880 a multiple of 352?
True
Is 66018971 a multiple of 1552?
False
Is 172 a factor of 17724567?
False
Does 194 divide 18899822?
False
Does 1312 divide 2589445856?
True
Is 4142 a factor of 734368212?
False
Does 258 divide 11797050?
True
Is 76895489 a multiple of 209?
True
Does 13 divide 72328296?
False
Is 14 a factor of 122848278?
True
Does 256 divide 117251307?
False
Is 356 a factor of 517270810?
False
Is 120 a factor of 163050242?
False
Is 3847 a factor of 84734022?
True
Does 121 divide 136696120?
True
Does 14 divide 1005879053?
False
Is 6706850 a multiple of 1809?
False
Is 4 a factor of 137271312?
True
Is 284661 a multiple of 13?
True
Does 104 divide 8593936?
True
Does 357 divide 5108734?
False
Is 22 a factor of 35611950?
True
Is 72435792 a multiple of 3172?
True
Is 443050133 a multiple of 59?
False
Does 34 divide 675292116?
False
Is 47147539 a multiple of 1728?
False
Is 277 a factor of 1517336196?
True
Is 288111854 a multiple of 162?
False
Does 40 divide 97279467?
False
Does 224 divide 9655072?
True
Is 1220122761 a multiple of 1103?
False
Is 45639054 a multiple of 449?
True
Is 3131969360 a multiple of 1220?
True
Does 3797 divide 530639166?
False
Does 226 divide 306204914?
True
Is 143408570 a multiple of 2722?
True
Is 1438 a factor of 30159174?
True
Is 318 a factor of 908619239?
False
Is 6091440 a multiple of 85?
True
Is 416 a factor of 17817133?
False
Is 18230474 a multiple of 788?
False
Is 137765146 a multiple of 41?
False
Does 2582 divide 53297644?
True
Is 181786627 a multiple of 1398?
False
Is 83993642 a multiple of 48?
False
Is 765557 a multiple of 851?
False
Does 7 divide 30003260?
True
Does 71 divide 104656251?
False
Does 238 divide 2822250149?
False
Does 765 divide 86505292?
False
Is 279 a factor of 23210352?
False
Is 277 a factor of 382935326?
True
Does 282 divide 7061280?
True
Is 400740971 a multiple of 14?
False
Is 2183160 a multiple of 28?
True
Is 139383387 a multiple of 143?
True
Is 123000156 a multiple of 4819?
True
Is 451 a factor of 310003663?
False
Is 1956746565 a multiple of 1455?
True
Does 4 divide 104241416?
True
Is 40713687 a multiple of 386?
False
Is 829 a factor of 47706463?
True
Is 2279934558 a multiple of 67?
True
Is 57 a factor of 56058531?
True
Does 2785 divide 455953210?
False
Is 46 a factor of 21187900?
False
Is 1619168357 a multiple of 738?
False
Does 178 divide 46560884?
True
Is 351 a factor of 143091779?
False
Does 7 divide 35929472?
False
Is 931457259 a multiple of 178?
False
Is 1123 a factor of 601256446?
True
Is 96 a factor of 1527456?
True
Is 242035108 a multiple of 55?
False
Does 219 divide 1529852094?
True
Is 517267365 a multiple of 23?
False
Is 472108973 a multiple of 41?
True
Is 433915525 a multiple of 155?
True
Does 529 divide 574876134?
False
Does 75 divide 440786708?
False
Is 272 a factor of 653868416?
True
Does 521 divide 811654438?
True
Is 25 a factor of 19448461?
False
Does 108 divide 2220638760?
True
Does 2507 divide 666277869?
True
Is 204216798 a multiple of 122?
False
Does 1156 divide 1631734460?
True
Does 984 divide 17774176?
False
Is 1390759764 a multiple of 93?
False
Is 14 a factor of 82403264?
False
Does 671 divide 22226289?
False
Is 1424150640 a multiple of 11?
True
Is 308576970 a multiple of 135?
False
Does 275 divide 35715639?
False
Does 119 divide 2654164100?
True
Is 1058 a factor of 154167384?
False
Does 12 divide 61178172?
True
Does 38 divide 294110066?
False
Is 841291009 a multiple of 18?
False
Is 720669098 a multiple of 1106?
False
Is 6 a factor of 131021393?
False
Is 194261886 a multiple of 1638?
True
Is 32 a factor of 66311648?
True
Is 28 a factor of 44797508?
True
Does 43 divide 657304?
False
Does 336 divide 56106960?
True
Does 66 divide 235650273?
False
Does 386 divide 227388683?
False
Does 13 divide 2300448420?
False
Is 629 a factor of 27782301?
True
Is 82582975 a multiple of 11?
False
Does 10 divide 57831834?
False
Is 54489240 a multiple of 936?
True
Is 1188 a factor of 66548205?
False
Is 2184 a factor of 316797936?
True
Does 161 divide 348059869?
False
Is 59 a factor of 731119150?
True
Does 46 divide 1097805226?
True
Is 180 a factor of 271094514?
False
Is 434426020 a multiple of 140?
True
Is 63 a factor of 48568653?
True
Does 623 divide 40074475?
True
Is 5748 a factor of 23106960?
True
Is 354031842 a multiple of 1714?
True
Is 1581618617 a multiple of 29?
True
Is 6295 a factor of 313025170?
True
Is 215754861 a multiple of 19?
True
Is 11 a factor of 49574826?
False
Is 14 a factor of 1798214306?
True
Does 6303 divide 274707938?
False
Is 1189080690 a multiple of 21?
True
Does 106 divide 3760450?
False
Is 90 a factor of 261422100?
True
Is 146 a factor of 795462604?
True
Does 57 divide 1209727416?
True
Is 620277967 a multiple of 455?
False
Does 56 divide 150791032?
True
Does 4 divide 1591733?
False
Is 220 a factor of 241523700?
True
Does 12 divide 1209794155?
False
Is 529 a factor of 29448901?
True
Is 4256739 a multiple of 2080?
False
Is 110988314 a multiple of 3062?
True
Does 265 divide 98867260?
True
Is 6 a factor of 129185806?
False
Does 310 divide 9538512?
False
Is 64886198 a multiple of 26?
True
Is 11 a factor of 74200201?
False
Is 208796939 even?
False
Is 1004 a factor of 190117814?
False
Is 154907050 a multiple of 326?
True
Is 81250514 a multiple of 550?
False
Does 873 divide 91508733?
True
Is 72057713 a multiple of 7?
True
Is 593 a factor of 259741761?
False
Is 9272 a factor of 948680757?
False
Does 9 divide 55380141?
True
Does 215 divide 46791095?
True
Is 2632329780 a multiple of 12?
True
Is 27302352 a multiple of 2?
True
Does 644 divide 3333022644?
True
Does 1077 divide 434891488?
False
Does 770 divide 1793330?
True
Is 5 a factor of 86517805?
True
Is 119589903 a multiple of 16?
False
Is 1255071816 a multiple of 1847?
False
Is 83 a factor of 18966787?
False
Is 21782550 a multiple of 10?
True
Is 1217 a factor of 302003418?
True
Is 1479 a factor of 212052636?
False
Is 240 a factor of 8081001600?
True
Is 8794 a factor of 1227822179?
False
Is 18 a factor of 215264610?
True
Is 911040561 a multiple of 90?
False
Is 391115900 a multiple of 14?
True
Is 287 a factor of 3256552264?
True
Does 546 divide 31238222?
False
Is 5312 a factor of 1428285248?
True
Is 20 a factor of 27877540?
True
Is 33110726 a multiple of 661?
False
Is 207079941 a multiple of 140?
False
Does 213 divide 297957180?
True
Is 45361811 a multiple of 173?
True
Does 250 divide 31168500?
True
Is 989 a factor of 109495396?
False
Does 1612 divide 410781664?
False
Does 5839 divide 1210858054?
False
Does 240 divide 12364560?
True
Is 1050495567 a multiple of 43?
False
Does 59 divide 599754588?
True
Does 641 divide 103042402?
False
Is 33384